[INFO] fetching crate casperlabs-contract-ffi 0.22.0...
[INFO] checking casperlabs-contract-ffi-0.22.0 against master#af3c6e733a40e671550e0f0f5aeecaa13772ba56 for pr-74989
[INFO] extracting crate casperlabs-contract-ffi 0.22.0 into /workspace/builds/worker-9/source
[INFO] validating manifest of crates.io crate casperlabs-contract-ffi 0.22.0 on toolchain af3c6e733a40e671550e0f0f5aeecaa13772ba56
[INFO] running `Command { std: "/workspace/cargo-home/bin/cargo" "+af3c6e733a40e671550e0f0f5aeecaa13772ba56" "read-manifest" "--manifest-path" "Cargo.toml", kill_on_drop: false }`
[INFO] started tweaking crates.io crate casperlabs-contract-ffi 0.22.0
[INFO] finished tweaking crates.io crate casperlabs-contract-ffi 0.22.0
[INFO] tweaked toml for crates.io crate casperlabs-contract-ffi 0.22.0 written to /workspace/builds/worker-9/source/Cargo.toml
[INFO] running `Command { std: "/workspace/cargo-home/bin/cargo" "+af3c6e733a40e671550e0f0f5aeecaa13772ba56" "generate-lockfile" "--manifest-path" "Cargo.toml" "-Zno-index-update", kill_on_drop: false }`
[INFO] running `Command { std: "/workspace/cargo-home/bin/cargo" "+af3c6e733a40e671550e0f0f5aeecaa13772ba56" "fetch" "--locked" "--manifest-path" "Cargo.toml", kill_on_drop: false }`
[INFO] running `Command { std: "docker" "create" "-v" "/var/lib/crater-agent-workspace/builds/worker-9/target:/opt/rustwide/target:rw,Z" "-v" "/var/lib/crater-agent-workspace/builds/worker-9/source:/opt/rustwide/workdir:ro,Z" "-v" "/var/lib/crater-agent-workspace/cargo-home:/opt/rustwide/cargo-home:ro,Z" "-v" "/var/lib/crater-agent-workspace/rustup-home:/opt/rustwide/rustup-home:ro,Z" "-e" "SOURCE_DIR=/opt/rustwide/workdir" "-e" "CARGO_TARGET_DIR=/opt/rustwide/target" "-e" "CARGO_HOME=/opt/rustwide/cargo-home" "-e" "RUSTUP_HOME=/opt/rustwide/rustup-home" "-w" "/opt/rustwide/workdir" "-m" "1610612736" "--user" "0:0" "--network" "none" "rustops/crates-build-env@sha256:d92eaeed33fa75130ca1ee6c8a01d1ffb62bac859dfdfb3450e3e5d1c0146529" "/opt/rustwide/cargo-home/bin/cargo" "+af3c6e733a40e671550e0f0f5aeecaa13772ba56" "metadata" "--no-deps" "--format-version=1", kill_on_drop: false }`
[INFO] [stdout] 92e48d03d51820a7fe1ded7160fe9c725315eb04218d8e4c1648a5166777931d
[INFO] [stderr] WARNING: Your kernel does not support swap limit capabilities or the cgroup is not mounted. Memory limited without swap.
[INFO] running `Command { std: "docker" "start" "-a" "92e48d03d51820a7fe1ded7160fe9c725315eb04218d8e4c1648a5166777931d", kill_on_drop: false }`
[INFO] running `Command { std: "docker" "inspect" "92e48d03d51820a7fe1ded7160fe9c725315eb04218d8e4c1648a5166777931d", kill_on_drop: false }`
[INFO] running `Command { std: "docker" "rm" "-f" "92e48d03d51820a7fe1ded7160fe9c725315eb04218d8e4c1648a5166777931d", kill_on_drop: false }`
[INFO] [stdout] 92e48d03d51820a7fe1ded7160fe9c725315eb04218d8e4c1648a5166777931d
[INFO] running `Command { std: "docker" "create" "-v" "/var/lib/crater-agent-workspace/builds/worker-9/target:/opt/rustwide/target:rw,Z" "-v" "/var/lib/crater-agent-workspace/builds/worker-9/source:/opt/rustwide/workdir:ro,Z" "-v" "/var/lib/crater-agent-workspace/cargo-home:/opt/rustwide/cargo-home:ro,Z" "-v" "/var/lib/crater-agent-workspace/rustup-home:/opt/rustwide/rustup-home:ro,Z" "-e" "SOURCE_DIR=/opt/rustwide/workdir" "-e" "CARGO_TARGET_DIR=/opt/rustwide/target" "-e" "CARGO_INCREMENTAL=0" "-e" "RUST_BACKTRACE=full" "-e" "RUSTFLAGS=--cap-lints=forbid" "-e" "CARGO_HOME=/opt/rustwide/cargo-home" "-e" "RUSTUP_HOME=/opt/rustwide/rustup-home" "-w" "/opt/rustwide/workdir" "-m" "1610612736" "--user" "0:0" "--network" "none" "rustops/crates-build-env@sha256:d92eaeed33fa75130ca1ee6c8a01d1ffb62bac859dfdfb3450e3e5d1c0146529" "/opt/rustwide/cargo-home/bin/cargo" "+af3c6e733a40e671550e0f0f5aeecaa13772ba56" "check" "--frozen" "--all" "--all-targets" "--message-format=json", kill_on_drop: false }`
[INFO] [stderr] WARNING: Your kernel does not support swap limit capabilities or the cgroup is not mounted. Memory limited without swap.
[INFO] [stdout] f73af6f5a8125aff707ac6aa07d4d40e235e9ebf768702da2785407be5319f17
[INFO] running `Command { std: "docker" "start" "-a" "f73af6f5a8125aff707ac6aa07d4d40e235e9ebf768702da2785407be5319f17", kill_on_drop: false }`
[INFO] [stderr]    Compiling autocfg v0.1.7
[INFO] [stderr]     Checking rand_core v0.4.2
[INFO] [stderr]    Compiling proc-macro2 v1.0.21
[INFO] [stderr]    Compiling typenum v1.12.0
[INFO] [stderr]    Compiling unicode-xid v0.2.1
[INFO] [stderr]    Compiling libc v0.2.77
[INFO] [stderr]    Compiling syn v1.0.40
[INFO] [stderr]    Compiling autocfg v1.0.1
[INFO] [stderr]    Compiling byteorder v1.3.4
[INFO] [stderr]    Compiling unicode-xid v0.1.0
[INFO] [stderr]    Compiling syn v0.15.44
[INFO] [stderr]    Compiling failure_derive v0.1.8
[INFO] [stderr]    Compiling crunchy v0.2.2
[INFO] [stderr]    Compiling bitflags v1.2.1
[INFO] [stderr]    Compiling wee_alloc v0.4.5
[INFO] [stderr]    Compiling num-derive v0.2.5
[INFO] [stderr]     Checking subtle v1.0.0
[INFO] [stderr]     Checking byte-tools v0.3.1
[INFO] [stderr]     Checking rustc-hex v2.1.0
[INFO] [stderr]     Checking memory_units v0.4.0
[INFO] [stderr]     Checking opaque-debug v0.2.3
[INFO] [stderr]     Checking static_assertions v1.1.0
[INFO] [stderr]     Checking cfg-if v0.1.10
[INFO] [stderr]     Checking hex_fmt v0.3.0
[INFO] [stderr]     Checking base16 v0.2.1
[INFO] [stderr]     Checking siphasher v0.3.3
[INFO] [stderr]     Checking rand_core v0.3.1
[INFO] [stderr]     Checking rand_jitter v0.1.4
[INFO] [stderr]    Compiling proc-macro2 v0.4.30
[INFO] [stderr]     Checking rand_isaac v0.1.1
[INFO] [stderr]     Checking rand_hc v0.1.0
[INFO] [stderr]     Checking rand_xorshift v0.1.1
[INFO] [stderr]    Compiling num-traits v0.2.12
[INFO] [stderr]    Compiling rand_pcg v0.1.2
[INFO] [stderr]    Compiling rand_chacha v0.1.1
[INFO] [stderr]    Compiling rand v0.6.5
[INFO] [stderr]     Checking uint v0.8.5
[INFO] [stderr]    Compiling quote v1.0.7
[INFO] [stderr]    Compiling quote v0.6.13
[INFO] [stderr]     Checking generic-array v0.12.3
[INFO] [stderr]     Checking crypto-mac v0.7.0
[INFO] [stderr]     Checking digest v0.8.1
[INFO] [stderr]     Checking blake2 v0.8.1
[INFO] [stderr]     Checking proptest v0.9.6
[INFO] [stdout] error[E0432]: unresolved import `crate::std_facade::string`
[INFO] [stdout]   --> /opt/rustwide/cargo-home/registry/src/github.com-1ecc6299db9ec823/proptest-0.9.6/src/arbitrary/_core/option.rs:12:5
[INFO] [stdout]    |
[INFO] [stdout] 12 | use crate::std_facade::string;
[INFO] [stdout]    |     ^^^^^^^^^^^^^^^^^^^^^^^^^ no `string` in `std_facade`
[INFO] [stdout] 
[INFO] [stdout] 
[INFO] [stdout] error[E0432]: unresolved import `crate::std_facade::string`
[INFO] [stdout]   --> /opt/rustwide/cargo-home/registry/src/github.com-1ecc6299db9ec823/proptest-0.9.6/src/arbitrary/_core/result.rs:12:5
[INFO] [stdout]    |
[INFO] [stdout] 12 | use crate::std_facade::string;
[INFO] [stdout]    |     ^^^^^^^^^^^^^^^^^^^^^^^^^ no `string` in `std_facade`
[INFO] [stdout] 
[INFO] [stdout] 
[INFO] [stdout] error[E0432]: unresolved import `crate::std_facade::Vec`
[INFO] [stdout]   --> /opt/rustwide/cargo-home/registry/src/github.com-1ecc6299db9ec823/proptest-0.9.6/src/bits.rs:19:30
[INFO] [stdout]    |
[INFO] [stdout] 19 | use crate::std_facade::{fmt, Vec};
[INFO] [stdout]    |                              ^^^ no `Vec` in `std_facade`
[INFO] [stdout] 
[INFO] [stdout] 
[INFO] [stdout] error[E0432]: unresolved import `crate::std_facade::Cow`
[INFO] [stdout]   --> /opt/rustwide/cargo-home/registry/src/github.com-1ecc6299db9ec823/proptest-0.9.6/src/char.rs:20:5
[INFO] [stdout]    |
[INFO] [stdout] 20 | use crate::std_facade::Cow;
[INFO] [stdout]    |     ^^^^^^^^^^^^^^^^^^^^^^ no `Cow` in `std_facade`
[INFO] [stdout] 
[INFO] [stdout] 
[INFO] [stdout] error[E0432]: unresolved imports `crate::std_facade::BTreeMap`, `crate::std_facade::BTreeSet`, `crate::std_facade::BinaryHeap`, `crate::std_facade::LinkedList`, `crate::std_facade::Vec`, `crate::std_facade::VecDeque`
[INFO] [stdout]   --> /opt/rustwide/cargo-home/registry/src/github.com-1ecc6299db9ec823/proptest-0.9.6/src/collection.rs:18:10
[INFO] [stdout]    |
[INFO] [stdout] 18 |     fmt, BTreeMap, BTreeSet, BinaryHeap, LinkedList, Vec, VecDeque,
[INFO] [stdout]    |          ^^^^^^^^  ^^^^^^^^  ^^^^^^^^^^  ^^^^^^^^^^  ^^^  ^^^^^^^^ no `VecDeque` in `std_facade`
[INFO] [stdout]    |          |         |         |           |           |
[INFO] [stdout]    |          |         |         |           |           no `Vec` in `std_facade`
[INFO] [stdout]    |          |         |         |           no `LinkedList` in `std_facade`
[INFO] [stdout]    |          |         |         no `BinaryHeap` in `std_facade`
[INFO] [stdout]    |          |         no `BTreeSet` in `std_facade`
[INFO] [stdout]    |          no `BTreeMap` in `std_facade`
[INFO] [stdout] 
[INFO] [stdout] 
[INFO] [stdout] error[E0432]: unresolved import `crate::std_facade::Arc`
[INFO] [stdout]   --> /opt/rustwide/cargo-home/registry/src/github.com-1ecc6299db9ec823/proptest-0.9.6/src/strategy/filter.rs:10:30
[INFO] [stdout]    |
[INFO] [stdout] 10 | use crate::std_facade::{fmt, Arc};
[INFO] [stdout]    |                              ^^^ no `Arc` in `std_facade`
[INFO] [stdout] 
[INFO] [stdout] 
[INFO] [stdout] error[E0432]: unresolved import `crate::std_facade::Arc`
[INFO] [stdout]   --> /opt/rustwide/cargo-home/registry/src/github.com-1ecc6299db9ec823/proptest-0.9.6/src/strategy/filter_map.rs:10:30
[INFO] [stdout]    |
[INFO] [stdout] 10 | use crate::std_facade::{fmt, Arc, Cell};
[INFO] [stdout]    |                              ^^^ no `Arc` in `std_facade`
[INFO] [stdout] 
[INFO] [stdout] 
[INFO] [stdout] error[E0432]: unresolved import `crate::std_facade::Arc`
[INFO] [stdout]   --> /opt/rustwide/cargo-home/registry/src/github.com-1ecc6299db9ec823/proptest-0.9.6/src/strategy/flatten.rs:10:30
[INFO] [stdout]    |
[INFO] [stdout] 10 | use crate::std_facade::{fmt, Arc};
[INFO] [stdout]    |                              ^^^ no `Arc` in `std_facade`
[INFO] [stdout] 
[INFO] [stdout] 
[INFO] [stdout] error[E0432]: unresolved import `crate::std_facade::Arc`
[INFO] [stdout]   --> /opt/rustwide/cargo-home/registry/src/github.com-1ecc6299db9ec823/proptest-0.9.6/src/strategy/lazy.rs:10:30
[INFO] [stdout]    |
[INFO] [stdout] 10 | use crate::std_facade::{fmt, Arc};
[INFO] [stdout]    |                              ^^^ no `Arc` in `std_facade`
[INFO] [stdout] 
[INFO] [stdout] 
[INFO] [stdout] error[E0432]: unresolved import `crate::std_facade::Arc`
[INFO] [stdout]   --> /opt/rustwide/cargo-home/registry/src/github.com-1ecc6299db9ec823/proptest-0.9.6/src/strategy/map.rs:10:5
[INFO] [stdout]    |
[INFO] [stdout] 10 | use crate::std_facade::Arc;
[INFO] [stdout]    |     ^^^^^^^^^^^^^^^^^^^^^^ no `Arc` in `std_facade`
[INFO] [stdout] 
[INFO] [stdout] 
[INFO] [stdout] error[E0432]: unresolved imports `crate::std_facade::Arc`, `crate::std_facade::Box`, `crate::std_facade::Vec`
[INFO] [stdout]   --> /opt/rustwide/cargo-home/registry/src/github.com-1ecc6299db9ec823/proptest-0.9.6/src/strategy/recursive.rs:10:30
[INFO] [stdout]    |
[INFO] [stdout] 10 | use crate::std_facade::{fmt, Arc, Box, Vec};
[INFO] [stdout]    |                              ^^^  ^^^  ^^^ no `Vec` in `std_facade`
[INFO] [stdout]    |                              |    |
[INFO] [stdout]    |                              |    no `Box` in `std_facade`
[INFO] [stdout]    |                              no `Arc` in `std_facade`
[INFO] [stdout] 
[INFO] [stdout] 
[INFO] [stdout] error[E0432]: unresolved imports `crate::std_facade::Vec`, `crate::std_facade::VecDeque`
[INFO] [stdout]   --> /opt/rustwide/cargo-home/registry/src/github.com-1ecc6299db9ec823/proptest-0.9.6/src/strategy/shuffle.rs:10:31
[INFO] [stdout]    |
[INFO] [stdout] 10 | use crate::std_facade::{Cell, Vec, VecDeque};
[INFO] [stdout]    |                               ^^^  ^^^^^^^^ no `VecDeque` in `std_facade`
[INFO] [stdout]    |                               |
[INFO] [stdout]    |                               no `Vec` in `std_facade`
[INFO] [stdout] 
[INFO] [stdout] 
[INFO] [stdout] error[E0432]: unresolved imports `crate::std_facade::Arc`, `crate::std_facade::Box`, `crate::std_facade::Rc`
[INFO] [stdout]   --> /opt/rustwide/cargo-home/registry/src/github.com-1ecc6299db9ec823/proptest-0.9.6/src/strategy/traits.rs:10:30
[INFO] [stdout]    |
[INFO] [stdout] 10 | use crate::std_facade::{fmt, Arc, Box, Rc};
[INFO] [stdout]    |                              ^^^  ^^^  ^^ no `Rc` in `std_facade`
[INFO] [stdout]    |                              |    |
[INFO] [stdout]    |                              |    no `Box` in `std_facade`
[INFO] [stdout]    |                              no `Arc` in `std_facade`
[INFO] [stdout] 
[INFO] [stdout] 
[INFO] [stdout] error[E0432]: unresolved imports `crate::std_facade::Arc`, `crate::std_facade::Vec`
[INFO] [stdout]   --> /opt/rustwide/cargo-home/registry/src/github.com-1ecc6299db9ec823/proptest-0.9.6/src/strategy/unions.rs:10:30
[INFO] [stdout]    |
[INFO] [stdout] 10 | use crate::std_facade::{fmt, Arc, Vec};
[INFO] [stdout]    |                              ^^^  ^^^ no `Vec` in `std_facade`
[INFO] [stdout]    |                              |
[INFO] [stdout]    |                              no `Arc` in `std_facade`
[INFO] [stdout] 
[INFO] [stdout] 
[INFO] [stdout] error[E0432]: unresolved import `crate::std_facade::Box`
[INFO] [stdout]   --> /opt/rustwide/cargo-home/registry/src/github.com-1ecc6299db9ec823/proptest-0.9.6/src/test_runner/config.rs:10:5
[INFO] [stdout]    |
[INFO] [stdout] 10 | use crate::std_facade::Box;
[INFO] [stdout]    |     ^^^^^^^^^^^^^^^^^^^^^^ no `Box` in `std_facade`
[INFO] [stdout] 
[INFO] [stdout] 
[INFO] [stdout] error[E0432]: unresolved imports `crate::std_facade::Box`, `crate::std_facade::Vec`
[INFO] [stdout]   --> /opt/rustwide/cargo-home/registry/src/github.com-1ecc6299db9ec823/proptest-0.9.6/src/test_runner/failure_persistence/mod.rs:10:30
[INFO] [stdout]    |
[INFO] [stdout] 10 | use crate::std_facade::{fmt, Box, Vec};
[INFO] [stdout]    |                              ^^^  ^^^ no `Vec` in `std_facade`
[INFO] [stdout]    |                              |
[INFO] [stdout]    |                              no `Box` in `std_facade`
[INFO] [stdout] 
[INFO] [stdout] 
[INFO] [stdout] error[E0432]: unresolved imports `crate::std_facade::BTreeMap`, `crate::std_facade::BTreeSet`, `crate::std_facade::Box`, `crate::std_facade::Vec`
[INFO] [stdout]   --> /opt/rustwide/cargo-home/registry/src/github.com-1ecc6299db9ec823/proptest-0.9.6/src/test_runner/failure_persistence/map.rs:10:30
[INFO] [stdout]    |
[INFO] [stdout] 10 | use crate::std_facade::{fmt, BTreeMap, BTreeSet, Box, Vec};
[INFO] [stdout]    |                              ^^^^^^^^  ^^^^^^^^  ^^^  ^^^ no `Vec` in `std_facade`
[INFO] [stdout]    |                              |         |         |
[INFO] [stdout]    |                              |         |         no `Box` in `std_facade`
[INFO] [stdout]    |                              |         no `BTreeSet` in `std_facade`
[INFO] [stdout]    |                              no `BTreeMap` in `std_facade`
[INFO] [stdout] 
[INFO] [stdout] 
[INFO] [stdout] error[E0432]: unresolved imports `crate::std_facade::Box`, `crate::std_facade::Vec`
[INFO] [stdout]   --> /opt/rustwide/cargo-home/registry/src/github.com-1ecc6299db9ec823/proptest-0.9.6/src/test_runner/failure_persistence/noop.rs:10:30
[INFO] [stdout]    |
[INFO] [stdout] 10 | use crate::std_facade::{fmt, Box, Vec};
[INFO] [stdout]    |                              ^^^  ^^^ no `Vec` in `std_facade`
[INFO] [stdout]    |                              |
[INFO] [stdout]    |                              no `Box` in `std_facade`
[INFO] [stdout] 
[INFO] [stdout] 
[INFO] [stdout] error[E0432]: unresolved imports `crate::std_facade::Box`, `crate::std_facade::Cow`, `crate::std_facade::String`
[INFO] [stdout]   --> /opt/rustwide/cargo-home/registry/src/github.com-1ecc6299db9ec823/proptest-0.9.6/src/test_runner/reason.rs:10:30
[INFO] [stdout]    |
[INFO] [stdout] 10 | use crate::std_facade::{fmt, Box, Cow, String};
[INFO] [stdout]    |                              ^^^  ^^^  ^^^^^^ no `String` in `std_facade`
[INFO] [stdout]    |                              |    |
[INFO] [stdout]    |                              |    no `Cow` in `std_facade`
[INFO] [stdout]    |                              no `Box` in `std_facade`
[INFO] [stdout] 
[INFO] [stdout] 
[INFO] [stdout] error[E0432]: unresolved import `crate::std_facade::Box`
[INFO] [stdout]   --> /opt/rustwide/cargo-home/registry/src/github.com-1ecc6299db9ec823/proptest-0.9.6/src/test_runner/result_cache.rs:11:5
[INFO] [stdout]    |
[INFO] [stdout] 11 | use crate::std_facade::Box;
[INFO] [stdout]    |     ^^^^^^^^^^^^^^^^^^^^^^ no `Box` in `std_facade`
[INFO] [stdout] 
[INFO] [stdout] 
[INFO] [stdout] error[E0432]: unresolved imports `crate::std_facade::Arc`, `crate::std_facade::String`, `crate::std_facade::ToOwned`, `crate::std_facade::Vec`
[INFO] [stdout]   --> /opt/rustwide/cargo-home/registry/src/github.com-1ecc6299db9ec823/proptest-0.9.6/src/test_runner/rng.rs:10:25
[INFO] [stdout]    |
[INFO] [stdout] 10 | use crate::std_facade::{Arc, String, ToOwned, Vec};
[INFO] [stdout]    |                         ^^^  ^^^^^^  ^^^^^^^  ^^^ no `Vec` in `std_facade`
[INFO] [stdout]    |                         |    |       |
[INFO] [stdout]    |                         |    |       no `ToOwned` in `std_facade`
[INFO] [stdout]    |                         |    no `String` in `std_facade`
[INFO] [stdout]    |                         no `Arc` in `std_facade`
[INFO] [stdout] 
[INFO] [stdout] 
[INFO] [stdout] error[E0432]: unresolved imports `crate::std_facade::Arc`, `crate::std_facade::BTreeMap`, `crate::std_facade::Box`, `crate::std_facade::String`, `crate::std_facade::Vec`
[INFO] [stdout]   --> /opt/rustwide/cargo-home/registry/src/github.com-1ecc6299db9ec823/proptest-0.9.6/src/test_runner/runner.rs:10:25
[INFO] [stdout]    |
[INFO] [stdout] 10 | use crate::std_facade::{Arc, BTreeMap, Box, String, Vec};
[INFO] [stdout]    |                         ^^^  ^^^^^^^^  ^^^  ^^^^^^  ^^^ no `Vec` in `std_facade`
[INFO] [stdout]    |                         |    |         |    |
[INFO] [stdout]    |                         |    |         |    no `String` in `std_facade`
[INFO] [stdout]    |                         |    |         no `Box` in `std_facade`
[INFO] [stdout]    |                         |    no `BTreeMap` in `std_facade`
[INFO] [stdout]    |                         no `Arc` in `std_facade`
[INFO] [stdout] 
[INFO] [stdout] 
[INFO] [stdout] error[E0432]: unresolved imports `crate::std_facade::Arc`, `crate::std_facade::Cow`, `crate::std_facade::Vec`
[INFO] [stdout]   --> /opt/rustwide/cargo-home/registry/src/github.com-1ecc6299db9ec823/proptest-0.9.6/src/sample.rs:16:25
[INFO] [stdout]    |
[INFO] [stdout] 16 | use crate::std_facade::{Arc, Cow, Vec};
[INFO] [stdout]    |                         ^^^  ^^^  ^^^ no `Vec` in `std_facade`
[INFO] [stdout]    |                         |    |
[INFO] [stdout]    |                         |    no `Cow` in `std_facade`
[INFO] [stdout]    |                         no `Arc` in `std_facade`
[INFO] [stdout] 
[INFO] [stdout] 
[INFO] [stdout] error: cannot find macro `vec` in this scope
[INFO] [stdout]    --> /opt/rustwide/cargo-home/registry/src/github.com-1ecc6299db9ec823/proptest-0.9.6/src/strategy/traits.rs:378:20
[INFO] [stdout]     |
[INFO] [stdout] 378 |         Union::new(vec![self, other])
[INFO] [stdout]     |                    ^^^
[INFO] [stdout] 
[INFO] [stdout] 
[INFO] [stdout] error: cannot find macro `format` in this scope
[INFO] [stdout]    --> /opt/rustwide/cargo-home/registry/src/github.com-1ecc6299db9ec823/proptest-0.9.6/src/test_runner/rng.rs:299:17
[INFO] [stdout]     |
[INFO] [stdout] 299 |                 format!(
[INFO] [stdout]     |                 ^^^^^^
[INFO] [stdout] 
[INFO] [stdout] 
[INFO] [stdout] error: cannot find macro `format` in this scope
[INFO] [stdout]    --> /opt/rustwide/cargo-home/registry/src/github.com-1ecc6299db9ec823/proptest-0.9.6/src/test_runner/rng.rs:291:31
[INFO] [stdout]     |
[INFO] [stdout] 291 |                 dst.push_str(&format!("{:02x}", byte));
[INFO] [stdout]     |                               ^^^^^^
[INFO] [stdout] 
[INFO] [stdout] 
[INFO] [stdout] error: cannot find macro `vec` in this scope
[INFO] [stdout]    --> /opt/rustwide/cargo-home/registry/src/github.com-1ecc6299db9ec823/proptest-0.9.6/src/test_runner/rng.rs:278:36
[INFO] [stdout]     |
[INFO] [stdout] 278 |                     let mut seed = vec![0u8; parts[1].len() / 2];
[INFO] [stdout]     |                                    ^^^
[INFO] [stdout] 
[INFO] [stdout] 
[INFO] [stdout] error: cannot find macro `vec` in this scope
[INFO] [stdout]    --> /opt/rustwide/cargo-home/registry/src/github.com-1ecc6299db9ec823/proptest-0.9.6/src/test_runner/rng.rs:271:61
[INFO] [stdout]     |
[INFO] [stdout] 271 |                         return Some(Seed::PassThrough(None, vec![].into()));
[INFO] [stdout]     |                                                             ^^^
[INFO] [stdout] 
[INFO] [stdout] 
[INFO] [stdout] error: cannot find macro `vec` in this scope
[INFO] [stdout]    --> /opt/rustwide/cargo-home/registry/src/github.com-1ecc6299db9ec823/proptest-0.9.6/src/char.rs:228:28
[INFO] [stdout]     |
[INFO] [stdout] 228 |         ranges: Cow::Owned(vec![start..=end]),
[INFO] [stdout]     |                            ^^^
[INFO] [stdout] 
[INFO] [stdout] 
[INFO] [stdout] error: cannot find macro `vec` in this scope
[INFO] [stdout]    --> /opt/rustwide/cargo-home/registry/src/github.com-1ecc6299db9ec823/proptest-0.9.6/src/bits.rs:126:9
[INFO] [stdout]     |
[INFO] [stdout] 126 |         vec![false; max]
[INFO] [stdout]     |         ^^^
[INFO] [stdout] 
[INFO] [stdout] 
[INFO] [stdout] error[E0433]: failed to resolve: could not find `Arc` in `std_facade`
[INFO] [stdout]    --> /opt/rustwide/cargo-home/registry/src/github.com-1ecc6299db9ec823/proptest-0.9.6/src/sugar.rs:347:45
[INFO] [stdout]     |
[INFO] [stdout] 347 |               (($weight0, $crate::std_facade::Arc::new($item0)),
[INFO] [stdout]     |                                               ^^^ could not find `Arc` in `std_facade`
[INFO] [stdout]     | 
[INFO] [stdout]    ::: /opt/rustwide/cargo-home/registry/src/github.com-1ecc6299db9ec823/proptest-0.9.6/src/arbitrary/_core/cmp.rs:20:5
[INFO] [stdout]     |
[INFO] [stdout] 20  | /     prop_oneof![
[INFO] [stdout] 21  | |         Just(Ordering::Equal),
[INFO] [stdout] 22  | |         Just(Ordering::Less),
[INFO] [stdout] 23  | |         Just(Ordering::Greater)
[INFO] [stdout] 24  | |     ]
[INFO] [stdout]     | |_____- in this macro invocation
[INFO] [stdout]     |
[INFO] [stdout]     = note: this error originates in a macro (in Nightly builds, run with -Z macro-backtrace for more info)
[INFO] [stdout] 
[INFO] [stdout] 
[INFO] [stdout] error[E0433]: failed to resolve: could not find `Arc` in `std_facade`
[INFO] [stdout]    --> /opt/rustwide/cargo-home/registry/src/github.com-1ecc6299db9ec823/proptest-0.9.6/src/sugar.rs:348:45
[INFO] [stdout]     |
[INFO] [stdout] 348 |                ($weight1, $crate::std_facade::Arc::new($item1)),
[INFO] [stdout]     |                                               ^^^ could not find `Arc` in `std_facade`
[INFO] [stdout]     | 
[INFO] [stdout]    ::: /opt/rustwide/cargo-home/registry/src/github.com-1ecc6299db9ec823/proptest-0.9.6/src/arbitrary/_core/cmp.rs:20:5
[INFO] [stdout]     |
[INFO] [stdout] 20  | /     prop_oneof![
[INFO] [stdout] 21  | |         Just(Ordering::Equal),
[INFO] [stdout] 22  | |         Just(Ordering::Less),
[INFO] [stdout] 23  | |         Just(Ordering::Greater)
[INFO] [stdout] 24  | |     ]
[INFO] [stdout]     | |_____- in this macro invocation
[INFO] [stdout]     |
[INFO] [stdout]     = note: this error originates in a macro (in Nightly builds, run with -Z macro-backtrace for more info)
[INFO] [stdout] 
[INFO] [stdout] 
[INFO] [stdout] error[E0433]: failed to resolve: could not find `Arc` in `std_facade`
[INFO] [stdout]    --> /opt/rustwide/cargo-home/registry/src/github.com-1ecc6299db9ec823/proptest-0.9.6/src/sugar.rs:349:45
[INFO] [stdout]     |
[INFO] [stdout] 349 |                ($weight2, $crate::std_facade::Arc::new($item2))))
[INFO] [stdout]     |                                               ^^^ could not find `Arc` in `std_facade`
[INFO] [stdout]     | 
[INFO] [stdout]    ::: /opt/rustwide/cargo-home/registry/src/github.com-1ecc6299db9ec823/proptest-0.9.6/src/arbitrary/_core/cmp.rs:20:5
[INFO] [stdout]     |
[INFO] [stdout] 20  | /     prop_oneof![
[INFO] [stdout] 21  | |         Just(Ordering::Equal),
[INFO] [stdout] 22  | |         Just(Ordering::Less),
[INFO] [stdout] 23  | |         Just(Ordering::Greater)
[INFO] [stdout] 24  | |     ]
[INFO] [stdout]     | |_____- in this macro invocation
[INFO] [stdout]     |
[INFO] [stdout]     = note: this error originates in a macro (in Nightly builds, run with -Z macro-backtrace for more info)
[INFO] [stdout] 
[INFO] [stdout] 
[INFO] [stdout] error[E0433]: failed to resolve: could not find `Arc` in `std_facade`
[INFO] [stdout]    --> /opt/rustwide/cargo-home/registry/src/github.com-1ecc6299db9ec823/proptest-0.9.6/src/sugar.rs:369:45
[INFO] [stdout]     |
[INFO] [stdout] 369 |               (($weight0, $crate::std_facade::Arc::new($item0)),
[INFO] [stdout]     |                                               ^^^ could not find `Arc` in `std_facade`
[INFO] [stdout]     | 
[INFO] [stdout]    ::: /opt/rustwide/cargo-home/registry/src/github.com-1ecc6299db9ec823/proptest-0.9.6/src/arbitrary/_core/num.rs:32:9
[INFO] [stdout]     |
[INFO] [stdout] 32  | /         prop_oneof![
[INFO] [stdout] 33  | |             Just(Nan),
[INFO] [stdout] 34  | |             Just(Infinite),
[INFO] [stdout] 35  | |             Just(Zero),
[INFO] [stdout] 36  | |             Just(Subnormal),
[INFO] [stdout] 37  | |             Just(Normal),
[INFO] [stdout] 38  | |         ]
[INFO] [stdout]     | |_________- in this macro invocation
[INFO] [stdout]     |
[INFO] [stdout]     = note: this error originates in a macro (in Nightly builds, run with -Z macro-backtrace for more info)
[INFO] [stdout] 
[INFO] [stdout] 
[INFO] [stdout] error[E0433]: failed to resolve: could not find `Arc` in `std_facade`
[INFO] [stdout]    --> /opt/rustwide/cargo-home/registry/src/github.com-1ecc6299db9ec823/proptest-0.9.6/src/sugar.rs:370:45
[INFO] [stdout]     |
[INFO] [stdout] 370 |                ($weight1, $crate::std_facade::Arc::new($item1)),
[INFO] [stdout]     |                                               ^^^ could not find `Arc` in `std_facade`
[INFO] [stdout]     | 
[INFO] [stdout]    ::: /opt/rustwide/cargo-home/registry/src/github.com-1ecc6299db9ec823/proptest-0.9.6/src/arbitrary/_core/num.rs:32:9
[INFO] [stdout]     |
[INFO] [stdout] 32  | /         prop_oneof![
[INFO] [stdout] 33  | |             Just(Nan),
[INFO] [stdout] 34  | |             Just(Infinite),
[INFO] [stdout] 35  | |             Just(Zero),
[INFO] [stdout] 36  | |             Just(Subnormal),
[INFO] [stdout] 37  | |             Just(Normal),
[INFO] [stdout] 38  | |         ]
[INFO] [stdout]     | |_________- in this macro invocation
[INFO] [stdout]     |
[INFO] [stdout]     = note: this error originates in a macro (in Nightly builds, run with -Z macro-backtrace for more info)
[INFO] [stdout] 
[INFO] [stdout] 
[INFO] [stdout] error[E0433]: failed to resolve: could not find `Arc` in `std_facade`
[INFO] [stdout]    --> /opt/rustwide/cargo-home/registry/src/github.com-1ecc6299db9ec823/proptest-0.9.6/src/sugar.rs:371:45
[INFO] [stdout]     |
[INFO] [stdout] 371 |                ($weight2, $crate::std_facade::Arc::new($item2)),
[INFO] [stdout]     |                                               ^^^ could not find `Arc` in `std_facade`
[INFO] [stdout]     | 
[INFO] [stdout]    ::: /opt/rustwide/cargo-home/registry/src/github.com-1ecc6299db9ec823/proptest-0.9.6/src/arbitrary/_core/num.rs:32:9
[INFO] [stdout]     |
[INFO] [stdout] 32  | /         prop_oneof![
[INFO] [stdout] 33  | |             Just(Nan),
[INFO] [stdout] 34  | |             Just(Infinite),
[INFO] [stdout] 35  | |             Just(Zero),
[INFO] [stdout] 36  | |             Just(Subnormal),
[INFO] [stdout] 37  | |             Just(Normal),
[INFO] [stdout] 38  | |         ]
[INFO] [stdout]     | |_________- in this macro invocation
[INFO] [stdout]     |
[INFO] [stdout]     = note: this error originates in a macro (in Nightly builds, run with -Z macro-backtrace for more info)
[INFO] [stdout] 
[INFO] [stdout] 
[INFO] [stdout] error[E0433]: failed to resolve: could not find `Arc` in `std_facade`
[INFO] [stdout]    --> /opt/rustwide/cargo-home/registry/src/github.com-1ecc6299db9ec823/proptest-0.9.6/src/sugar.rs:372:45
[INFO] [stdout]     |
[INFO] [stdout] 372 |                ($weight3, $crate::std_facade::Arc::new($item3)),
[INFO] [stdout]     |                                               ^^^ could not find `Arc` in `std_facade`
[INFO] [stdout]     | 
[INFO] [stdout]    ::: /opt/rustwide/cargo-home/registry/src/github.com-1ecc6299db9ec823/proptest-0.9.6/src/arbitrary/_core/num.rs:32:9
[INFO] [stdout]     |
[INFO] [stdout] 32  | /         prop_oneof![
[INFO] [stdout] 33  | |             Just(Nan),
[INFO] [stdout] 34  | |             Just(Infinite),
[INFO] [stdout] 35  | |             Just(Zero),
[INFO] [stdout] 36  | |             Just(Subnormal),
[INFO] [stdout] 37  | |             Just(Normal),
[INFO] [stdout] 38  | |         ]
[INFO] [stdout]     | |_________- in this macro invocation
[INFO] [stdout]     |
[INFO] [stdout]     = note: this error originates in a macro (in Nightly builds, run with -Z macro-backtrace for more info)
[INFO] [stdout] 
[INFO] [stdout] 
[INFO] [stdout] error[E0433]: failed to resolve: could not find `Arc` in `std_facade`
[INFO] [stdout]    --> /opt/rustwide/cargo-home/registry/src/github.com-1ecc6299db9ec823/proptest-0.9.6/src/sugar.rs:373:45
[INFO] [stdout]     |
[INFO] [stdout] 373 |                ($weight4, $crate::std_facade::Arc::new($item4))))
[INFO] [stdout]     |                                               ^^^ could not find `Arc` in `std_facade`
[INFO] [stdout]     | 
[INFO] [stdout]    ::: /opt/rustwide/cargo-home/registry/src/github.com-1ecc6299db9ec823/proptest-0.9.6/src/arbitrary/_core/num.rs:32:9
[INFO] [stdout]     |
[INFO] [stdout] 32  | /         prop_oneof![
[INFO] [stdout] 33  | |             Just(Nan),
[INFO] [stdout] 34  | |             Just(Infinite),
[INFO] [stdout] 35  | |             Just(Zero),
[INFO] [stdout] 36  | |             Just(Subnormal),
[INFO] [stdout] 37  | |             Just(Normal),
[INFO] [stdout] 38  | |         ]
[INFO] [stdout]     | |_________- in this macro invocation
[INFO] [stdout]     |
[INFO] [stdout]     = note: this error originates in a macro (in Nightly builds, run with -Z macro-backtrace for more info)
[INFO] [stdout] 
[INFO] [stdout] 
[INFO] [stdout] error[E0433]: failed to resolve: could not find `Arc` in `std_facade`
[INFO] [stdout]    --> /opt/rustwide/cargo-home/registry/src/github.com-1ecc6299db9ec823/proptest-0.9.6/src/sugar.rs:383:45
[INFO] [stdout]     |
[INFO] [stdout] 383 |             (($weight0, $crate::std_facade::Arc::new($item0)),
[INFO] [stdout]     |                                             ^^^ could not find `Arc` in `std_facade`
[INFO] [stdout]     | 
[INFO] [stdout]    ::: /opt/rustwide/cargo-home/registry/src/github.com-1ecc6299db9ec823/proptest-0.9.6/src/num.rs:850:1
[INFO] [stdout]     |
[INFO] [stdout] 850 | float_bin_search!(f32);
[INFO] [stdout]     | ----------------------- in this macro invocation
[INFO] [stdout]     |
[INFO] [stdout]     = note: this error originates in a macro (in Nightly builds, run with -Z macro-backtrace for more info)
[INFO] [stdout] 
[INFO] [stdout] 
[INFO] [stdout] error[E0433]: failed to resolve: could not find `Arc` in `std_facade`
[INFO] [stdout]    --> /opt/rustwide/cargo-home/registry/src/github.com-1ecc6299db9ec823/proptest-0.9.6/src/sugar.rs:384:45
[INFO] [stdout]     |
[INFO] [stdout] 384 |              ($weight1, $crate::std_facade::Arc::new($item1)),
[INFO] [stdout]     |                                             ^^^ could not find `Arc` in `std_facade`
[INFO] [stdout]     | 
[INFO] [stdout]    ::: /opt/rustwide/cargo-home/registry/src/github.com-1ecc6299db9ec823/proptest-0.9.6/src/num.rs:850:1
[INFO] [stdout]     |
[INFO] [stdout] 850 | float_bin_search!(f32);
[INFO] [stdout]     | ----------------------- in this macro invocation
[INFO] [stdout]     |
[INFO] [stdout]     = note: this error originates in a macro (in Nightly builds, run with -Z macro-backtrace for more info)
[INFO] [stdout] 
[INFO] [stdout] 
[INFO] [stdout] error[E0433]: failed to resolve: could not find `Arc` in `std_facade`
[INFO] [stdout]    --> /opt/rustwide/cargo-home/registry/src/github.com-1ecc6299db9ec823/proptest-0.9.6/src/sugar.rs:385:45
[INFO] [stdout]     |
[INFO] [stdout] 385 |              ($weight2, $crate::std_facade::Arc::new($item2)),
[INFO] [stdout]     |                                             ^^^ could not find `Arc` in `std_facade`
[INFO] [stdout]     | 
[INFO] [stdout]    ::: /opt/rustwide/cargo-home/registry/src/github.com-1ecc6299db9ec823/proptest-0.9.6/src/num.rs:850:1
[INFO] [stdout]     |
[INFO] [stdout] 850 | float_bin_search!(f32);
[INFO] [stdout]     | ----------------------- in this macro invocation
[INFO] [stdout]     |
[INFO] [stdout]     = note: this error originates in a macro (in Nightly builds, run with -Z macro-backtrace for more info)
[INFO] [stdout] 
[INFO] [stdout] 
[INFO] [stdout] error[E0433]: failed to resolve: could not find `Arc` in `std_facade`
[INFO] [stdout]    --> /opt/rustwide/cargo-home/registry/src/github.com-1ecc6299db9ec823/proptest-0.9.6/src/sugar.rs:386:45
[INFO] [stdout]     |
[INFO] [stdout] 386 |              ($weight3, $crate::std_facade::Arc::new($item3)),
[INFO] [stdout]     |                                             ^^^ could not find `Arc` in `std_facade`
[INFO] [stdout]     | 
[INFO] [stdout]    ::: /opt/rustwide/cargo-home/registry/src/github.com-1ecc6299db9ec823/proptest-0.9.6/src/num.rs:850:1
[INFO] [stdout]     |
[INFO] [stdout] 850 | float_bin_search!(f32);
[INFO] [stdout]     | ----------------------- in this macro invocation
[INFO] [stdout]     |
[INFO] [stdout]     = note: this error originates in a macro (in Nightly builds, run with -Z macro-backtrace for more info)
[INFO] [stdout] 
[INFO] [stdout] 
[INFO] [stdout] error[E0433]: failed to resolve: could not find `Arc` in `std_facade`
[INFO] [stdout]    --> /opt/rustwide/cargo-home/registry/src/github.com-1ecc6299db9ec823/proptest-0.9.6/src/sugar.rs:387:45
[INFO] [stdout]     |
[INFO] [stdout] 387 |              ($weight4, $crate::std_facade::Arc::new($item4)),
[INFO] [stdout]     |                                             ^^^ could not find `Arc` in `std_facade`
[INFO] [stdout]     | 
[INFO] [stdout]    ::: /opt/rustwide/cargo-home/registry/src/github.com-1ecc6299db9ec823/proptest-0.9.6/src/num.rs:850:1
[INFO] [stdout]     |
[INFO] [stdout] 850 | float_bin_search!(f32);
[INFO] [stdout]     | ----------------------- in this macro invocation
[INFO] [stdout]     |
[INFO] [stdout]     = note: this error originates in a macro (in Nightly builds, run with -Z macro-backtrace for more info)
[INFO] [stdout] 
[INFO] [stdout] 
[INFO] [stdout] error[E0433]: failed to resolve: could not find `Arc` in `std_facade`
[INFO] [stdout]    --> /opt/rustwide/cargo-home/registry/src/github.com-1ecc6299db9ec823/proptest-0.9.6/src/sugar.rs:388:45
[INFO] [stdout]     |
[INFO] [stdout] 388 |              ($weight5, $crate::std_facade::Arc::new($item5))))
[INFO] [stdout]     |                                             ^^^ could not find `Arc` in `std_facade`
[INFO] [stdout]     | 
[INFO] [stdout]    ::: /opt/rustwide/cargo-home/registry/src/github.com-1ecc6299db9ec823/proptest-0.9.6/src/num.rs:850:1
[INFO] [stdout]     |
[INFO] [stdout] 850 | float_bin_search!(f32);
[INFO] [stdout]     | ----------------------- in this macro invocation
[INFO] [stdout]     |
[INFO] [stdout]     = note: this error originates in a macro (in Nightly builds, run with -Z macro-backtrace for more info)
[INFO] [stdout] 
[INFO] [stdout] 
[INFO] [stdout] error[E0433]: failed to resolve: could not find `Arc` in `std_facade`
[INFO] [stdout]    --> /opt/rustwide/cargo-home/registry/src/github.com-1ecc6299db9ec823/proptest-0.9.6/src/sugar.rs:383:45
[INFO] [stdout]     |
[INFO] [stdout] 383 |             (($weight0, $crate::std_facade::Arc::new($item0)),
[INFO] [stdout]     |                                             ^^^ could not find `Arc` in `std_facade`
[INFO] [stdout]     | 
[INFO] [stdout]    ::: /opt/rustwide/cargo-home/registry/src/github.com-1ecc6299db9ec823/proptest-0.9.6/src/num.rs:851:1
[INFO] [stdout]     |
[INFO] [stdout] 851 | float_bin_search!(f64);
[INFO] [stdout]     | ----------------------- in this macro invocation
[INFO] [stdout]     |
[INFO] [stdout]     = note: this error originates in a macro (in Nightly builds, run with -Z macro-backtrace for more info)
[INFO] [stdout] 
[INFO] [stdout] 
[INFO] [stdout] error[E0433]: failed to resolve: could not find `Arc` in `std_facade`
[INFO] [stdout]    --> /opt/rustwide/cargo-home/registry/src/github.com-1ecc6299db9ec823/proptest-0.9.6/src/sugar.rs:384:45
[INFO] [stdout]     |
[INFO] [stdout] 384 |              ($weight1, $crate::std_facade::Arc::new($item1)),
[INFO] [stdout]     |                                             ^^^ could not find `Arc` in `std_facade`
[INFO] [stdout]     | 
[INFO] [stdout]    ::: /opt/rustwide/cargo-home/registry/src/github.com-1ecc6299db9ec823/proptest-0.9.6/src/num.rs:851:1
[INFO] [stdout]     |
[INFO] [stdout] 851 | float_bin_search!(f64);
[INFO] [stdout]     | ----------------------- in this macro invocation
[INFO] [stdout]     |
[INFO] [stdout]     = note: this error originates in a macro (in Nightly builds, run with -Z macro-backtrace for more info)
[INFO] [stdout] 
[INFO] [stdout] 
[INFO] [stdout] error[E0433]: failed to resolve: could not find `Arc` in `std_facade`
[INFO] [stdout]    --> /opt/rustwide/cargo-home/registry/src/github.com-1ecc6299db9ec823/proptest-0.9.6/src/sugar.rs:385:45
[INFO] [stdout]     |
[INFO] [stdout] 385 |              ($weight2, $crate::std_facade::Arc::new($item2)),
[INFO] [stdout]     |                                             ^^^ could not find `Arc` in `std_facade`
[INFO] [stdout]     | 
[INFO] [stdout]    ::: /opt/rustwide/cargo-home/registry/src/github.com-1ecc6299db9ec823/proptest-0.9.6/src/num.rs:851:1
[INFO] [stdout]     |
[INFO] [stdout] 851 | float_bin_search!(f64);
[INFO] [stdout]     | ----------------------- in this macro invocation
[INFO] [stdout]     |
[INFO] [stdout]     = note: this error originates in a macro (in Nightly builds, run with -Z macro-backtrace for more info)
[INFO] [stdout] 
[INFO] [stdout] 
[INFO] [stdout] error[E0433]: failed to resolve: could not find `Arc` in `std_facade`
[INFO] [stdout]    --> /opt/rustwide/cargo-home/registry/src/github.com-1ecc6299db9ec823/proptest-0.9.6/src/sugar.rs:386:45
[INFO] [stdout]     |
[INFO] [stdout] 386 |              ($weight3, $crate::std_facade::Arc::new($item3)),
[INFO] [stdout]     |                                             ^^^ could not find `Arc` in `std_facade`
[INFO] [stdout]     | 
[INFO] [stdout]    ::: /opt/rustwide/cargo-home/registry/src/github.com-1ecc6299db9ec823/proptest-0.9.6/src/num.rs:851:1
[INFO] [stdout]     |
[INFO] [stdout] 851 | float_bin_search!(f64);
[INFO] [stdout]     | ----------------------- in this macro invocation
[INFO] [stdout]     |
[INFO] [stdout]     = note: this error originates in a macro (in Nightly builds, run with -Z macro-backtrace for more info)
[INFO] [stdout] 
[INFO] [stdout] 
[INFO] [stdout] error[E0433]: failed to resolve: could not find `Arc` in `std_facade`
[INFO] [stdout]    --> /opt/rustwide/cargo-home/registry/src/github.com-1ecc6299db9ec823/proptest-0.9.6/src/sugar.rs:387:45
[INFO] [stdout]     |
[INFO] [stdout] 387 |              ($weight4, $crate::std_facade::Arc::new($item4)),
[INFO] [stdout]     |                                             ^^^ could not find `Arc` in `std_facade`
[INFO] [stdout]     | 
[INFO] [stdout]    ::: /opt/rustwide/cargo-home/registry/src/github.com-1ecc6299db9ec823/proptest-0.9.6/src/num.rs:851:1
[INFO] [stdout]     |
[INFO] [stdout] 851 | float_bin_search!(f64);
[INFO] [stdout]     | ----------------------- in this macro invocation
[INFO] [stdout]     |
[INFO] [stdout]     = note: this error originates in a macro (in Nightly builds, run with -Z macro-backtrace for more info)
[INFO] [stdout] 
[INFO] [stdout] 
[INFO] [stdout] error[E0433]: failed to resolve: could not find `Arc` in `std_facade`
[INFO] [stdout]    --> /opt/rustwide/cargo-home/registry/src/github.com-1ecc6299db9ec823/proptest-0.9.6/src/sugar.rs:388:45
[INFO] [stdout]     |
[INFO] [stdout] 388 |              ($weight5, $crate::std_facade::Arc::new($item5))))
[INFO] [stdout]     |                                             ^^^ could not find `Arc` in `std_facade`
[INFO] [stdout]     | 
[INFO] [stdout]    ::: /opt/rustwide/cargo-home/registry/src/github.com-1ecc6299db9ec823/proptest-0.9.6/src/num.rs:851:1
[INFO] [stdout]     |
[INFO] [stdout] 851 | float_bin_search!(f64);
[INFO] [stdout]     | ----------------------- in this macro invocation
[INFO] [stdout]     |
[INFO] [stdout]     = note: this error originates in a macro (in Nightly builds, run with -Z macro-backtrace for more info)
[INFO] [stdout] 
[INFO] [stdout] 
[INFO] [stdout] error[E0433]: failed to resolve: could not find `Arc` in `std_facade`
[INFO] [stdout]    --> /opt/rustwide/cargo-home/registry/src/github.com-1ecc6299db9ec823/proptest-0.9.6/src/sugar.rs:339:45
[INFO] [stdout]     |
[INFO] [stdout] 339 |               (($weight0, $crate::std_facade::Arc::new($item0)),
[INFO] [stdout]     |                                               ^^^ could not find `Arc` in `std_facade`
[INFO] [stdout]     | 
[INFO] [stdout]    ::: /opt/rustwide/cargo-home/registry/src/github.com-1ecc6299db9ec823/proptest-0.9.6/src/strategy/recursive.rs:129:26
[INFO] [stdout]     |
[INFO] [stdout] 129 |               let branch = prop_oneof![
[INFO] [stdout]     |  __________________________-
[INFO] [stdout] 130 | |                 weight_leaf => non_recursive_choice,
[INFO] [stdout] 131 | |                 weight_branch => recursive_choice,
[INFO] [stdout] 132 | |             ];
[INFO] [stdout]     | |_____________- in this macro invocation
[INFO] [stdout]     |
[INFO] [stdout]     = note: this error originates in a macro (in Nightly builds, run with -Z macro-backtrace for more info)
[INFO] [stdout] 
[INFO] [stdout] 
[INFO] [stdout] error[E0433]: failed to resolve: could not find `Arc` in `std_facade`
[INFO] [stdout]    --> /opt/rustwide/cargo-home/registry/src/github.com-1ecc6299db9ec823/proptest-0.9.6/src/sugar.rs:340:45
[INFO] [stdout]     |
[INFO] [stdout] 340 |                ($weight1, $crate::std_facade::Arc::new($item1))))
[INFO] [stdout]     |                                               ^^^ could not find `Arc` in `std_facade`
[INFO] [stdout]     | 
[INFO] [stdout]    ::: /opt/rustwide/cargo-home/registry/src/github.com-1ecc6299db9ec823/proptest-0.9.6/src/strategy/recursive.rs:129:26
[INFO] [stdout]     |
[INFO] [stdout] 129 |               let branch = prop_oneof![
[INFO] [stdout]     |  __________________________-
[INFO] [stdout] 130 | |                 weight_leaf => non_recursive_choice,
[INFO] [stdout] 131 | |                 weight_branch => recursive_choice,
[INFO] [stdout] 132 | |             ];
[INFO] [stdout]     | |_____________- in this macro invocation
[INFO] [stdout]     |
[INFO] [stdout]     = note: this error originates in a macro (in Nightly builds, run with -Z macro-backtrace for more info)
[INFO] [stdout] 
[INFO] [stdout] 
[INFO] [stdout] error[E0106]: missing lifetime specifier
[INFO] [stdout]    --> /opt/rustwide/cargo-home/registry/src/github.com-1ecc6299db9ec823/proptest-0.9.6/src/char.rs:234:44
[INFO] [stdout]     |
[INFO] [stdout] 234 | pub fn ranges(ranges: Cow<[CharRange]>) -> CharStrategy {
[INFO] [stdout]     |                                            ^^^^^^^^^^^^ expected named lifetime parameter
[INFO] [stdout]     |
[INFO] [stdout]     = help: this function's return type contains a borrowed value with an elided lifetime, but the lifetime cannot be derived from the arguments
[INFO] [stdout] help: consider using the `'static` lifetime
[INFO] [stdout]     |
[INFO] [stdout] 234 | pub fn ranges(ranges: Cow<[CharRange]>) -> CharStrategy<'static> {
[INFO] [stdout]     |                                            ^^^^^^^^^^^^^^^^^^^^^
[INFO] [stdout] 
[INFO] [stdout] 
[INFO] [stdout] error[E0207]: the type parameter `T` is not constrained by the impl trait, self type, or predicates
[INFO] [stdout]    --> /opt/rustwide/cargo-home/registry/src/github.com-1ecc6299db9ec823/proptest-0.9.6/src/collection.rs:374:6
[INFO] [stdout]     |
[INFO] [stdout] 374 | impl<T: Ord> statics::FilterFn<BTreeSet<T>> for MinSize {
[INFO] [stdout]     |      ^ unconstrained type parameter
[INFO] [stdout] 
[INFO] [stdout] 
[INFO] [stdout] error[E0207]: the type parameter `K` is not constrained by the impl trait, self type, or predicates
[INFO] [stdout]    --> /opt/rustwide/cargo-home/registry/src/github.com-1ecc6299db9ec823/proptest-0.9.6/src/collection.rs:484:6
[INFO] [stdout]     |
[INFO] [stdout] 484 | impl<K: Ord, V> statics::FilterFn<BTreeMap<K, V>> for MinSize {
[INFO] [stdout]     |      ^ unconstrained type parameter
[INFO] [stdout] 
[INFO] [stdout] 
[INFO] [stdout] error[E0207]: the type parameter `V` is not constrained by the impl trait, self type, or predicates
[INFO] [stdout]    --> /opt/rustwide/cargo-home/registry/src/github.com-1ecc6299db9ec823/proptest-0.9.6/src/collection.rs:484:14
[INFO] [stdout]     |
[INFO] [stdout] 484 | impl<K: Ord, V> statics::FilterFn<BTreeMap<K, V>> for MinSize {
[INFO] [stdout]     |              ^ unconstrained type parameter
[INFO] [stdout] 
[INFO] [stdout] 
[INFO] [stdout] error[E0207]: the type parameter `T` is not constrained by the impl trait, self type, or predicates
[INFO] [stdout]    --> /opt/rustwide/cargo-home/registry/src/github.com-1ecc6299db9ec823/proptest-0.9.6/src/collection.rs:219:23
[INFO] [stdout]     |
[INFO] [stdout] 219 |     [] fn VecToDeque[<T : fmt::Debug>](vec: Vec<T>) -> VecDeque<T> {
[INFO] [stdout]     |                       ^ unconstrained type parameter
[INFO] [stdout] 
[INFO] [stdout] 
[INFO] [stdout] error[E0207]: the type parameter `T` is not constrained by the impl trait, self type, or predicates
[INFO] [stdout]    --> /opt/rustwide/cargo-home/registry/src/github.com-1ecc6299db9ec823/proptest-0.9.6/src/collection.rs:249:20
[INFO] [stdout]     |
[INFO] [stdout] 249 |     [] fn VecToLl[<T : fmt::Debug>](vec: Vec<T>) -> LinkedList<T> {
[INFO] [stdout]     |                    ^ unconstrained type parameter
[INFO] [stdout] 
[INFO] [stdout] 
[INFO] [stdout] error[E0207]: the type parameter `T` is not constrained by the impl trait, self type, or predicates
[INFO] [stdout]    --> /opt/rustwide/cargo-home/registry/src/github.com-1ecc6299db9ec823/proptest-0.9.6/src/collection.rs:279:25
[INFO] [stdout]     |
[INFO] [stdout] 279 |     [] fn VecToBinHeap[<T : fmt::Debug + Ord>](vec: Vec<T>) -> BinaryHeap<T> {
[INFO] [stdout]     |                         ^ unconstrained type parameter
[INFO] [stdout] 
[INFO] [stdout] 
[INFO] [stdout] error[E0207]: the type parameter `T` is not constrained by the impl trait, self type, or predicates
[INFO] [stdout]    --> /opt/rustwide/cargo-home/registry/src/github.com-1ecc6299db9ec823/proptest-0.9.6/src/collection.rs:368:26
[INFO] [stdout]     |
[INFO] [stdout] 368 |     [] fn VecToBTreeSet[<T : fmt::Debug + Ord>](vec: Vec<T>)
[INFO] [stdout]     |                          ^ unconstrained type parameter
[INFO] [stdout] 
[INFO] [stdout] 
[INFO] [stdout] error[E0207]: the type parameter `K` is not constrained by the impl trait, self type, or predicates
[INFO] [stdout]    --> /opt/rustwide/cargo-home/registry/src/github.com-1ecc6299db9ec823/proptest-0.9.6/src/collection.rs:477:26
[INFO] [stdout]     |
[INFO] [stdout] 477 |     [] fn VecToBTreeMap[<K : fmt::Debug + Ord, V : fmt::Debug>]
[INFO] [stdout]     |                          ^ unconstrained type parameter
[INFO] [stdout] 
[INFO] [stdout] 
[INFO] [stdout] error[E0207]: the type parameter `V` is not constrained by the impl trait, self type, or predicates
[INFO] [stdout]    --> /opt/rustwide/cargo-home/registry/src/github.com-1ecc6299db9ec823/proptest-0.9.6/src/collection.rs:477:48
[INFO] [stdout]     |
[INFO] [stdout] 477 |     [] fn VecToBTreeMap[<K : fmt::Debug + Ord, V : fmt::Debug>]
[INFO] [stdout]     |                                                ^ unconstrained type parameter
[INFO] [stdout] 
[INFO] [stdout] 
[INFO] [stdout] error: aborting due to 62 previous errors
[INFO] [stdout] 
[INFO] [stdout] 
[INFO] [stdout] Some errors have detailed explanations: E0106, E0207, E0432, E0433.
[INFO] [stdout] 
[INFO] [stdout] For more information about an error, try `rustc --explain E0106`.
[INFO] [stdout] 
[INFO] [stderr] error: could not compile `proptest`.
[INFO] [stderr] 
[INFO] [stderr] To learn more, run the command again with --verbose.
[INFO] [stderr] warning: build failed, waiting for other jobs to finish...
[INFO] [stderr] error: build failed
[INFO] running `Command { std: "docker" "inspect" "f73af6f5a8125aff707ac6aa07d4d40e235e9ebf768702da2785407be5319f17", kill_on_drop: false }`
[INFO] running `Command { std: "docker" "rm" "-f" "f73af6f5a8125aff707ac6aa07d4d40e235e9ebf768702da2785407be5319f17", kill_on_drop: false }`
[INFO] [stdout] f73af6f5a8125aff707ac6aa07d4d40e235e9ebf768702da2785407be5319f17
